{"version":"1.0","provider_name":"Podbrdo Trail Running Festival","provider_url":"https:\/\/www.ptrf.si\/en\/","author_name":"Teodor Marko\u010d","author_url":"https:\/\/www.ptrf.si\/en\/author\/teodor\/","title":"Multimedia 2023 - Podbrdo Trail Running Festival","type":"rich","width":600,"height":338,"html":"<blockquote class=\"wp-embedded-content\" data-secret=\"4lk80TQeR4\"><a href=\"https:\/\/www.ptrf.si\/en\/2023\/06\/24\/multimedia-2023\/\">Multimedia 2023<\/a><\/blockquote><iframe sandbox=\"allow-scripts\" security=\"restricted\" src=\"https:\/\/www.ptrf.si\/en\/2023\/06\/24\/multimedia-2023\/embed\/#?secret=4lk80TQeR4\" width=\"600\" height=\"338\" title=\"&#8220;Multimedia 2023&#8221; &#8212; Podbrdo Trail Running Festival\" data-secret=\"4lk80TQeR4\" frameborder=\"0\" marginwidth=\"0\" marginheight=\"0\" scrolling=\"no\" class=\"wp-embedded-content\"><\/iframe><script type=\"text\/javascript\">\n\/* <![CDATA[ *\/\n\/*! This file is auto-generated *\/\n!function(d,l){\"use strict\";l.querySelector&&d.addEventListener&&\"undefined\"!=typeof URL&&(d.wp=d.wp||{},d.wp.receiveEmbedMessage||(d.wp.receiveEmbedMessage=function(e){var t=e.data;if((t||t.secret||t.message||t.value)&&!\/[^a-zA-Z0-9]\/.test(t.secret)){for(var s,r,n,a=l.querySelectorAll('iframe[data-secret=\"'+t.secret+'\"]'),o=l.querySelectorAll('blockquote[data-secret=\"'+t.secret+'\"]'),c=new RegExp(\"^https?:$\",\"i\"),i=0;i<o.length;i++)o[i].style.display=\"none\";for(i=0;i<a.length;i++)s=a[i],e.source===s.contentWindow&&(s.removeAttribute(\"style\"),\"height\"===t.message?(1e3<(r=parseInt(t.value,10))?r=1e3:~~r<200&&(r=200),s.height=r):\"link\"===t.message&&(r=new URL(s.getAttribute(\"src\")),n=new URL(t.value),c.test(n.protocol))&&n.host===r.host&&l.activeElement===s&&(d.top.location.href=t.value))}},d.addEventListener(\"message\",d.wp.receiveEmbedMessage,!1),l.addEventListener(\"DOMContentLoaded\",function(){for(var e,t,s=l.querySelectorAll(\"iframe.wp-embedded-content\"),r=0;r<s.length;r++)(t=(e=s[r]).getAttribute(\"data-secret\"))||(t=Math.random().toString(36).substring(2,12),e.src+=\"#?secret=\"+t,e.setAttribute(\"data-secret\",t)),e.contentWindow.postMessage({message:\"ready\",secret:t},\"*\")},!1)))}(window,document);\n\/\/# sourceURL=https:\/\/www.ptrf.si\/wp-includes\/js\/wp-embed.min.js\n\/* ]]> *\/\n<\/script>\n","description":"{&#8220;main-title&#8221;:{&#8220;component&#8221;:&#8221;hc_title&#8221;,&#8221;id&#8221;:&#8221;main-title&#8221;,&#8221;title&#8221;:&#8221;&#8221;,&#8221;subtitle&#8221;:&#8221;&#8221;,&#8221;title_content&#8221;:{&#8220;component&#8221;:&#8221;hc_title_image&#8221;,&#8221;id&#8221;:&#8221;title-image&#8221;,&#8221;image&#8221;:&#8221;https:\/\/www.ptrf.si\/wp-content\/uploads\/2023\/06\/Podbrdo-Trail-3-1024&#215;683.jpg|1707|2560|990103845&#8243;,&#8221;full_screen&#8221;:false,&#8221;full_screen_height&#8221;:&#8221;&#8221;,&#8221;parallax&#8221;:false,&#8221;bleed&#8221;:&#8221;&#8221;,&#8221;ken_burn&#8221;:&#8221;&#8221;,&#8221;breadcrumbs&#8221;:false,&#8221;light&#8221;:false,&#8221;alignment&#8221;:&#8221;&#8221;}},&#8221;section_4Ttyv&#8221;:{&#8220;component&#8221;:&#8221;hc_section&#8221;,&#8221;id&#8221;:&#8221;section_4Ttyv&#8221;,&#8221;section_width&#8221;:&#8221;&#8221;,&#8221;animation&#8221;:&#8221;&#8221;,&#8221;animation_time&#8221;:&#8221;&#8221;,&#8221;timeline_animation&#8221;:&#8221;&#8221;,&#8221;timeline_delay&#8221;:&#8221;&#8221;,&#8221;timeline_order&#8221;:&#8221;&#8221;,&#8221;vertical_row&#8221;:&#8221;&#8221;,&#8221;css_classes&#8221;:&#8221;&#8221;,&#8221;custom_css_classes&#8221;:&#8221;&#8221;,&#8221;custom_css_styles&#8221;:&#8221;&#8221;,&#8221;section_content&#8221;:[{&#8220;component&#8221;:&#8221;hc_column&#8221;,&#8221;id&#8221;:&#8221;column_KnIaD&#8221;,&#8221;column_width&#8221;:&#8221;col-md-12&#8243;,&#8221;animation&#8221;:&#8221;&#8221;,&#8221;animation_time&#8221;:&#8221;&#8221;,&#8221;timeline_animation&#8221;:&#8221;&#8221;,&#8221;timeline_delay&#8221;:&#8221;&#8221;,&#8221;timeline_order&#8221;:&#8221;&#8221;,&#8221;css_classes&#8221;:&#8221;&#8221;,&#8221;custom_css_classes&#8221;:&#8221;&#8221;,&#8221;custom_css_styles&#8221;:&#8221;&#8221;,&#8221;main_content&#8221;:[{&#8220;component&#8221;:&#8221;hc_wp_editor&#8221;,&#8221;id&#8221;:&#8221;5zA5U&#8221;,&#8221;css_classes&#8221;:&#8221;&#8221;,&#8221;custom_css_classes&#8221;:&#8221;&#8221;,&#8221;custom_css_styles&#8221;:&#8221;&#8221;,&#8221;editor_content&#8221;:&#8221;FLICKR COLLECTION: 9.PTRF 16.6. &#8211; 18.6.2023nnSLIKE:nVen\u010deslav Japelj:nhttps:\/\/photos.google.com\/share\/AF1QipMq5j7-5poIgxNRCHrDTuHxWmQiEPtYQQTG4fuey899yxGp18scwt3hxxuYrAluYA?key=dllXVkNidWdVZUkyRVNHY0dldXpzVWNNUWotZlVnnnJo\u0161ko Opeka:nnhttps:\/\/fotoarttimejoeopekasp.zenfoliosite.com\/zg\/podbrdo-trail-running-festival?fbclid=IwAR2dnVmAYnyOT28g9WnCqPkB5TKa_vcYx9ASAQjf1gsAFTVRifEiQxetDcknnMartin Fettich:nnhttps:\/\/www.flickr.com\/photos\/165566563@N04\/52997368029\/in\/album-72177720309283740nnVIDEO:nVen\u010deslav Japelj:nhttps:\/\/www.youtube.com\/watch?v=vnhrcZOARPAnnSLO Maraton:nnhttps:\/\/www.facebook.com\/watch\/?ref=saved&amp;v=1085549966183472nnAndrej \u0160orli:nnhttps:\/\/www.youtube.com\/watch?v=wba9MBALFOUnnRenato Le\u0161nik:nnRenato Le\u0161nik &#8211; Podbrdo Trail Running Festival #70K&#8230; | Facebooknn\u010cLANKI:nPrimorske novice:nhttps:\/\/www.primorske.si\/sport\/22-festival-gorskega-teka-v-podbrdu-zbral-vec-kotnnSlovenska atletika:nnhttps:\/\/slovenska-atletika.si\/potocnik-in-draslerjeva-drzavna-prvaka-v-gorskem-teku\/?fbclid=IwAR3ysADUK1Nmd1hnbgKps6MA8_iisUz9dXZSVIjvWfs0Xndygwz04Htzg2gnnAZS Gorski teki:nnhttps:\/\/gorski-teki.si\/artikal_Tekaski-praznik-Na-svoji-zemlji?fbclid=IwAR3EYD97N8hWQFbKYz8LmTojCA-imLmP7BY42feIDk5jMSZ1VduPzi4Ieo0nnLjudstvo teka\u010dev:nhttps:\/\/www.ljudstvotekacev.si\/sl\/nnFB:nnRod aragonitnih je\u017ekov:nnhttps:\/\/www.facebook.com\/aragonitnijezki\/posts\/pfbid02C57KRpNNm13YSWQFZLSvS4oLDibyh6R2yBrPYwygGn8PEZ843d4bJsUBE1AqH72LlnnTina \u0160orli:nnhttps:\/\/www.facebook.com\/permalink.php?story_fbid=pfbid02t1tmgSxR2h1MNJ3Y1we4MKTpymmwqzEyZCzk8TV9i7JVJsHJPqoDRV6te9ythb4xl&amp;id=100010497198837nnhttps:\/\/www.facebook.com\/permalink.php?story_fbid=pfbid029ujfy9w6zTH4cutuUxZnk2dHYCQwKRKCyyYYGiCVgYhfV21PQAc8NT5QxfVRddBzl&amp;id=100010497198837nnTone Kert:nnhttps:\/\/www.facebook.com\/permalink.php?story_fbid=pfbid0wQN1P2z2m1KeUYWJ3vypqY3M4h6ph7GJ7H3x6qWky4z4PdF9meXbXJhwxoFUBy3Al&amp;id=100008293037024nnhttps:\/\/www.facebook.com\/permalink.php?story_fbid=pfbid0eVmMBHDevtV7dYMLg62mn1MJ7iwuczsSiLKGvduEGipreUZ2zQZ2tfWRH9R5tXQ7l&amp;id=100008293037024nnMilan \u010cade\u017e:nnhttps:\/\/www.facebook.com\/milan.cadez\/posts\/pfbid02ZJ8HqXP5BQFihiJwXU5jgPrBd81WpJgaKb9dGsy2AyJbVAVbGw2JKmjgeLq8ruZWlnnTilen Poto\u010dnik:nnhttps:\/\/www.facebook.com\/permalink.php?story_fbid=pfbid05FDxENMWrJDRNJG8zAfHbbtgW79HYemrsgsgAx9KN8bgGBgjcgiyEH6CpPne6TSWl&amp;id=100011296650491nnDu\u0161an Rauter:nnhttps:\/\/www.facebook.com\/sloolson\/posts\/pfbid0DreBoAktHWbSqN3GN2usbrZNckJq8eT8o3hnX9X5MTvVNAfoLJmcwgVcPtFZmcJAlnnRenato Le\u0161nik:nnhttps:\/\/www.facebook.com\/renato.lesnik\/posts\/pfbid02a2PbYipkctX8k9UJhRbXhAGaZLAiwqBnUqTdxr3g22uNhBppSwfdW1bEfwrLPXuklnnSLO Maraton:nnhttps:\/\/www.facebook.com\/Slomaraton\/posts\/pfbid04ZoLUSXyYmCf9nA81BkxJP3s8WD8D2XfYTkKw7LuRj5gbbHB5np8hDGvjXP3Xyyzlnnhttps:\/\/www.facebook.com\/Slomaraton\/posts\/pfbid07q4UsfVQQteHynHqYMvvYD5ToAb3LqGxipUU34YXF67NJynK3yudo9zj8iD8tRTRlnnMarko Cotman:nnhttps:\/\/www.facebook.com\/marko.cotman.9\/posts\/pfbid0UjcviefzGAiAppn8ddhE9mNK1fjF2sAGXHD6VV7Fpb6zmYdxwUYwPu1JxuTgoSWTlnnAndrej \u0160orli:nnhttps:\/\/www.facebook.com\/andrej.sorli\/posts\/pfbid02qUgGE1w7kVh2smpDsSpzUcBXceAoBs4wPPzzk4STLXXhAtr2Hs1jjPRjnxkNUzuklnnPeter Kante:nnhttps:\/\/www.facebook.com\/peter.kante\/posts\/pfbid0griRDRf3792XfzgYaSP6nAZx6aEiYBzmFZi6Sopd9MBXrhfcHzyksk4aHPMgwWWdlnnBla\u017e Lov\u0161in:nnhttps:\/\/www.facebook.com\/blazlovsin\/posts\/pfbid0QUazpDTnHh6GwDuxiRCjAHcC9n9TB2g5vZqYnBCbpEaMbhRqrE8QteowYoxruxqPl&#8220;}]}],&#8221;section_settings&#8221;:&#8221;&#8221;},&#8221;scripts&#8221;:{},&#8221;css&#8221;:{},&#8221;css_page&#8221;:&#8221;&#8221;,&#8221;template_setting&#8221;:{},&#8221;template_setting_top&#8221;:{},&#8221;page_setting&#8221;:{&#8220;settings&#8221;:[&#8220;lock-mode-off&#8221;]},&#8221;post_type_setting&#8221;:{&#8220;settings&#8221;:{&#8220;image&#8221;:&#8221;https:\/\/www.ptrf.si\/wp-content\/uploads\/2023\/06\/Podbrdo-Trail-3-1024&#215;683.jpg|1707|2560|990103845&#8243;,&#8221;excerpt&#8221;:&#8221;Albums, Video, Articles, FB &#8230;&#8221;,&#8221;extra_1&#8243;:&#8221;&#8221;,&#8221;extra_2&#8243;:&#8221;&#8221;,&#8221;icon&#8221;:{&#8220;icon&#8221;:&#8221;&#8221;,&#8221;icon_style&#8221;:&#8221;&#8221;,&#8221;icon_image&#8221;:&#8221;&#8221;}}}}","thumbnail_url":"https:\/\/www.ptrf.si\/wp-content\/uploads\/2024\/01\/WWW_naslovna_1200x675-1.png","thumbnail_width":1200,"thumbnail_height":675}

Teodor Markoč

{&#8220;main-title&#8221;:{&#8220;component&#8221;:&#8221;hc_title&#8221;,&#8221;id&#8221;:&#8221;main-title&#8221;,&#8221;title&#8221;:&#8221;&#8221;,&#8221;subtitle&#8221;:&#8221;&#8221;,&#8221;title_content&#8221;:{&#8220;component&#8221;:&#8221;hc_title_image&#8221;,&#8221;id&#8221;:&#8221;title-image&#8221;,&#8221;image&#8221;:&#8221;https://www.ptrf.si/wp-content/uploads/2023/06/Podbrdo-Trail-3-1024&#215;683.jpg|1707|2560|990103845&#8243;,&#8221;full_screen&#8221;:false,&#8221;full_screen_height&#8221;:&#8221;&#8221;,&#8221;parallax&#8221;:false,&#8221;bleed&#8221;:&#8221;&#8221;,&#8221;ken_burn&#8221;:&#8221;&#8221;,&#8221;breadcrumbs&#8221;:false,&#8221;light&#8221;:false,&#8221;alignment&#8221;:&#8221;&#8221;}},&#8221;section_4Ttyv&#8221;:{&#8220;component&#8221;:&#8221;hc_section&#8221;,&#8221;id&#8221;:&#8221;section_4Ttyv&#8221;,&#8221;section_width&#8221;:&#8221;&#8221;,&#8221;animation&#8221;:&#8221;&#8221;,&#8221;animation_time&#8221;:&#8221;&#8221;,&#8221;timeline_animation&#8221;:&#8221;&#8221;,&#8221;timeline_delay&#8221;:&#8221;&#8221;,&#8221;timeline_order&#8221;:&#8221;&#8221;,&#8221;vertical_row&#8221;:&#8221;&#8221;,&#8221;css_classes&#8221;:&#8221;&#8221;,&#8221;custom_css_classes&#8221;:&#8221;&#8221;,&#8221;custom_css_styles&#8221;:&#8221;&#8221;,&#8221;section_content&#8221;:[{&#8220;component&#8221;:&#8221;hc_column&#8221;,&#8221;id&#8221;:&#8221;column_KnIaD&#8221;,&#8221;column_width&#8221;:&#8221;col-md-12&#8243;,&#8221;animation&#8221;:&#8221;&#8221;,&#8221;animation_time&#8221;:&#8221;&#8221;,&#8221;timeline_animation&#8221;:&#8221;&#8221;,&#8221;timeline_delay&#8221;:&#8221;&#8221;,&#8221;timeline_order&#8221;:&#8221;&#8221;,&#8221;css_classes&#8221;:&#8221;&#8221;,&#8221;custom_css_classes&#8221;:&#8221;&#8221;,&#8221;custom_css_styles&#8221;:&#8221;&#8221;,&#8221;main_content&#8221;:[{&#8220;component&#8221;:&#8221;hc_wp_editor&#8221;,&#8221;id&#8221;:&#8221;5zA5U&#8221;,&#8221;css_classes&#8221;:&#8221;&#8221;,&#8221;custom_css_classes&#8221;:&#8221;&#8221;,&#8221;custom_css_styles&#8221;:&#8221;&#8221;,&#8221;editor_content&#8221;:&#8221;FLICKR COLLECTION: 9.PTRF 16.6. &#8211; 18.6.2023nnSLIKE:nVenčeslav Japelj:nhttps://photos.google.com/share/AF1QipMq5j7-5poIgxNRCHrDTuHxWmQiEPtYQQTG4fuey899yxGp18scwt3hxxuYrAluYA?key=dllXVkNidWdVZUkyRVNHY0dldXpzVWNNUWotZlVnnnJoško Opeka:nnhttps://fotoarttimejoeopekasp.zenfoliosite.com/zg/podbrdo-trail-running-festival?fbclid=IwAR2dnVmAYnyOT28g9WnCqPkB5TKa_vcYx9ASAQjf1gsAFTVRifEiQxetDcknnMartin Fettich:nnhttps://www.flickr.com/photos/165566563@N04/52997368029/in/album-72177720309283740nnVIDEO:nVenčeslav Japelj:nhttps://www.youtube.com/watch?v=vnhrcZOARPAnnSLO Maraton:nnhttps://www.facebook.com/watch/?ref=saved&amp;v=1085549966183472nnAndrej Šorli:nnhttps://www.youtube.com/watch?v=wba9MBALFOUnnRenato Lešnik:nnRenato Lešnik &#8211; Podbrdo Trail Running Festival #70K&#8230; | FacebooknnČLANKI:nPrimorske novice:nhttps://www.primorske.si/sport/22-festival-gorskega-teka-v-podbrdu-zbral-vec-kotnnSlovenska atletika:nnhttps://slovenska-atletika.si/potocnik-in-draslerjeva-drzavna-prvaka-v-gorskem-teku/?fbclid=IwAR3ysADUK1Nmd1hnbgKps6MA8_iisUz9dXZSVIjvWfs0Xndygwz04Htzg2gnnAZS Gorski teki:nnhttps://gorski-teki.si/artikal_Tekaski-praznik-Na-svoji-zemlji?fbclid=IwAR3EYD97N8hWQFbKYz8LmTojCA-imLmP7BY42feIDk5jMSZ1VduPzi4Ieo0nnLjudstvo tekačev:nhttps://www.ljudstvotekacev.si/sl/nnFB:nnRod aragonitnih ježkov:nnhttps://www.facebook.com/aragonitnijezki/posts/pfbid02C57KRpNNm13YSWQFZLSvS4oLDibyh6R2yBrPYwygGn8PEZ843d4bJsUBE1AqH72LlnnTina Šorli:nnhttps://www.facebook.com/permalink.php?story_fbid=pfbid02t1tmgSxR2h1MNJ3Y1we4MKTpymmwqzEyZCzk8TV9i7JVJsHJPqoDRV6te9ythb4xl&amp;id=100010497198837nnhttps://www.facebook.com/permalink.php?story_fbid=pfbid029ujfy9w6zTH4cutuUxZnk2dHYCQwKRKCyyYYGiCVgYhfV21PQAc8NT5QxfVRddBzl&amp;id=100010497198837nnTone Kert:nnhttps://www.facebook.com/permalink.php?story_fbid=pfbid0wQN1P2z2m1KeUYWJ3vypqY3M4h6ph7GJ7H3x6qWky4z4PdF9meXbXJhwxoFUBy3Al&amp;id=100008293037024nnhttps://www.facebook.com/permalink.php?story_fbid=pfbid0eVmMBHDevtV7dYMLg62mn1MJ7iwuczsSiLKGvduEGipreUZ2zQZ2tfWRH9R5tXQ7l&amp;id=100008293037024nnMilan Čadež:nnhttps://www.facebook.com/milan.cadez/posts/pfbid02ZJ8HqXP5BQFihiJwXU5jgPrBd81WpJgaKb9dGsy2AyJbVAVbGw2JKmjgeLq8ruZWlnnTilen Potočnik:nnhttps://www.facebook.com/permalink.php?story_fbid=pfbid05FDxENMWrJDRNJG8zAfHbbtgW79HYemrsgsgAx9KN8bgGBgjcgiyEH6CpPne6TSWl&amp;id=100011296650491nnDušan Rauter:nnhttps://www.facebook.com/sloolson/posts/pfbid0DreBoAktHWbSqN3GN2usbrZNckJq8eT8o3hnX9X5MTvVNAfoLJmcwgVcPtFZmcJAlnnRenato Lešnik:nnhttps://www.facebook.com/renato.lesnik/posts/pfbid02a2PbYipkctX8k9UJhRbXhAGaZLAiwqBnUqTdxr3g22uNhBppSwfdW1bEfwrLPXuklnnSLO Maraton:nnhttps://www.facebook.com/Slomaraton/posts/pfbid04ZoLUSXyYmCf9nA81BkxJP3s8WD8D2XfYTkKw7LuRj5gbbHB5np8hDGvjXP3Xyyzlnnhttps://www.facebook.com/Slomaraton/posts/pfbid07q4UsfVQQteHynHqYMvvYD5ToAb3LqGxipUU34YXF67NJynK3yudo9zj8iD8tRTRlnnMarko Cotman:nnhttps://www.facebook.com/marko.cotman.9/posts/pfbid0UjcviefzGAiAppn8ddhE9mNK1fjF2sAGXHD6VV7Fpb6zmYdxwUYwPu1JxuTgoSWTlnnAndrej Šorli:nnhttps://www.facebook.com/andrej.sorli/posts/pfbid02qUgGE1w7kVh2smpDsSpzUcBXceAoBs4wPPzzk4STLXXhAtr2Hs1jjPRjnxkNUzuklnnPeter Kante:nnhttps://www.facebook.com/peter.kante/posts/pfbid0griRDRf3792XfzgYaSP6nAZx6aEiYBzmFZi6Sopd9MBXrhfcHzyksk4aHPMgwWWdlnnBlaž Lovšin:nnhttps://www.facebook.com/blazlovsin/posts/pfbid0QUazpDTnHh6GwDuxiRCjAHcC9n9TB2g5vZqYnBCbpEaMbhRqrE8QteowYoxruxqPl&#8220;}]}],&#8221;section_settings&#8221;:&#8221;&#8221;},&#8221;scripts&#8221;:{},&#8221;css&#8221;:{},&#8221;css_page&#8221;:&#8221;&#8221;,&#8221;template_setting&#8221;:{},&#8221;template_setting_top&#8221;:{},&#8221;page_setting&#8221;:{&#8220;settings&#8221;:[&#8220;lock-mode-off&#8221;]},&#8221;post_type_setting&#8221;:{&#8220;settings&#8221;:{&#8220;image&#8221;:&#8221;https://www.ptrf.si/wp-content/uploads/2023/06/Podbrdo-Trail-3-1024&#215;683.jpg|1707|2560|990103845&#8243;,&#8221;excerpt&#8221;:&#8221;Albums, Video, Articles, FB &#8230;&#8221;,&#8221;extra_1&#8243;:&#8221;&#8221;,&#8221;extra_2&#8243;:&#8221;&#8221;,&#8221;icon&#8221;:{&#8220;icon&#8221;:&#8221;&#8221;,&#8221;icon_style&#8221;:&#8221;&#8221;,&#8221;icon_image&#8221;:&#8221;&#8221;}}}}
